n 183 is divided by 31.
28
Calculate the remainder when 357 is divided by 10.
7
What is the remainder when 84 is divided by 34?
16
Calculate the remainder when 43 is divided by 2.
1
What is the remainder when 27840 is divided by 21?
15
What is the remainder when 66275 is divided by 62?
59
What is the remainder when 627 is divided by 15?
12
Calculate the remainder when 939 is divided by 15.
9
Calculate the remainder when 1146 is divided by 31.
30
What is the remainder when 122 is divided by 56?
10
Calculate the remainder when 129 is divided by 76.
53
What is the remainder when 284 is divided by 60?
44
Calculate the remainder when 3657 is divided by 122.
119
What is the remainder when 288 is divided by 59?
52
Calculate the remainder when 6457 is divided by 87.
19
Calculate the remainder when 118 is divided by 4.
2
What is the remainder when 22527 is divided by 176?
175
What is the remainder when 182 is divided by 27?
20
Calculate the remainder when 66 is divided by 25.
16
What is the remainder when 48 is divided by 22?
4
Calculate the remainder when 335 is divided by 25.
10
What is the remainder when 242 is divided by 80?
2
What is the remainder when 83 is divided by 76?
7
Calculate the remainder when 239 is divided by 78.
5
What is the remainder when 30 is divided by 13?
4
What is the remainder when 824 is divided by 204?
8
Calculate the remainder when 74 is divided by 19.
17
What is the remainder when 640 is divided by 31?
20
Calculate the remainder when 1943 is divided by 72.
71
Calculate the remainder when 180 is divided by 7.
5
What is the remainder when 191 is divided by 12?
11
Calculate the remainder when 7025 is divided by 33.
29
What is the remainder when 157 is divided by 41?
34
What is the remainder when 3431 is divided by 26?
25
Calculate the remainder when 5064 is divided by 34.
32
What is the remainder when 26 is divided by 10?
6
Calculate the remainder when 446 is divided by 30.
26
Calculate the remainder when 284 is divided by 49.
39
Calculate the remainder when 7648 is divided by 17.
15
What is the remainder when 558 is divided by 42?
12
What is the remainder when 455 is divided by 76?
75
What is the remainder when 516 is divided by 243?
30
Calculate the remainder when 409 is divided by 10.
9
Calculate the remainder when 181 is divided by 57.
10
Calculate the remainder when 2538 is divided by 41.
37
Calculate the remainder when 5034 is divided by 19.
18
Calculate the remainder when 232 is divided by 59.
55
Calculate the remainder when 484 is divided by 45.
34
What is the remainder when 243 is divided by 16?
3
Calculate the remainder when 169 is divided by 17.
16
What is the remainder when 376 is divided by 29?
28
Calculate the remainder when 42 is divided by 38.
4
Calculate the remainder when 1120 is divided by 1112.
8
What is the remainder when 1043 is divided by 55?
53
Calculate the remainder when 39 is divided by 9.
3
Calculate the remainder when 1442 is divided by 164.
130
What is the remainder when 901 is divided by 70?
61
What is the remainder when 443 is divided by 38?
25
What is the remainder when 919 is divided by 42?
37
Calculate the remainder when 861 is divided by 79.
71
What is the remainder when 1461 is divided by 294?
285
Calculate the remainder when 250 is divided by 21.
19
What is the remainder when 141 is divided by 69?
3
What is the remainder when 1897 is divided by 73?
72
What is the remainder when 164 is divided by 80?
4
What is the remainder when 335 is divided by 42?
41
Calculate the remainder when 394 is divided by 22.
20
Calculate the remainder when 416 is divided by 13.
0
Calculate the remainder when 902 is divided by 8.
6
Calculate the remainder when 167 is divided by 14.
13
What is the remainder when 2897 is divided by 579?
2
Calculate the remainder when 118 is divided by 30.
28
What is the remainder when 869 is divided by 92?
41
What is the remainder when 2012 is divided by 65?
62
Calculate the remainder when 94 is divided by 4.
2
What is the remainder when 154 is divided by 83?
71
Calculate the remainder when 944 is divided by 161.
139
What is the remainder when 415 is divided by 34?
7
What is the remainder when 972 is divided by 40?
12
What is the remainder when 435 is divided by 17?
10
What is the remainder when 170 is divided by 37?
22
Calculate the remainder when 5913 is divided by 35.
33
Calculate the remainder when 682 is divided by 95.
17
What is the remainder when 1765 is divided by 57?
55
What is the remainder when 138 is divided by 22?
6
What is the remainder when 145 is divided by 39?
28
Calculate the remainder when 621 is divided by 208.
205
Calculate the remainder when 975 is divided by 81.
3
Calculate the remainder when 863 is divided by 11.
5
Calculate the remainder when 1720 is divided by 561.
37
Calculate the remainder when 228 is divided by 141.
87
What is the remainder when 1663 is divided by 16?
15
What is the remainder when 71 is divided by 22?
5
What is the remainder when 174 is divided by 6?
0
Calculate the remainder when 124 is divided by 16.
12
What is the remainder when 434 is divided by 9?
2
What is the remainder when 245 is divided by 29?
13
Calculate the remainder when 274 is divided by 25.
24
What is the remainder when 237 is divided by 40?
37
Calculate the remainder when 875 is divided by 6.
5
What is the remainder when 169 is divided by 161?
8
What is the remainder when 230 is divided by 25?
5
Calculate the remainder when 160 is divided by 56.
48
Calculate the remainder when 679 is divided by 43.
34
Calculate the remainder when 213 is divided by 12.
9
What is the remainder when 81 is divided by 21?
18
Calculate the remainder when 66 is divided by 5.
1
Calculate the remainder when 1097 is divided by 9.
8
Calculate the remainder when 123 is divided by 13.
6
What is the remainder when 69 is divided by 35?
34
Calculate the remainder when 1083 is divided by 37.
10
What is the remainder when 1232 is divided by 78?
62
Calculate the remainder when 837 is divided by 70.
67
Calculate the remainder when 175 is divided by 63.
49
Calculate the remainder when 608 is divided by 87.
86
What is the remainder when 2393 is divided by 266?
265
Calculate the remainder when 137 is divided by 36.
29
Calculate the remainder when 1937 is divided by 97.
94
What is the remainder when 23111 is divided by 182?
179
Calculate the remainder when 155 is divided by 155.
0
What is the remainder when 282 is divided by 2?
0
Calculate the remainder when 857 is divided by 51.
41
What is the remainder when 359 is divided by 10?
9
Calculate the remainder when 32317 is divided by 143.
142
What is the remainder when 13452 is divided by 65?
62
Calculate the remainder when 1347 is divided by 60.
27
What is the remainder when 46 is divided by 17?
12
What is the remainder when 4233 is divided by 170?
153
Calculate the remainder when 927 is divided by 24.
15
What is the remainder when 341 is divided by 95?
56
What is the remainder when 134 is divided by 13?
4
Calculate the remainder when 160 is divided by 72.
16
Calculate the remainder when 332 is divided by 84.
80
Calculate the remainder when 2321 is divided by 83.
80
What is the remainder when 152 is divided by 69?
14
Calculate the remainder when 172 is divided by 51.
19
What is the remainder when 177 is divided by 2?
1
What is the remainder when 66 is divided by 21?
3
What is the remainder when 1043 is divided by 21?
14
Calculate the remainder when 685 is divided by 257.
171
Calculate the remainder when 479 is divided by 96.
95
What is the remainder when 369 is divided by 17?
12
Calculate the remainder when 346 is divided by 35.
31
Calculate the remainder when 207 is divided by 4.
3
Calculate the remainder when 181 is divided by 149.
32
Calculate the remainder when 434 is divided by 101.
30
What is the remainder when 211 is divided by 34?
7
Calculate the remainder when 123 is divided by 64.
59
Calculate the remainder when 240 is divided by 110.
20
What is the remainder when 119 is divided by 31?
26
Calculate the remainder when 163 is divided by 14.
9
What is the remainder when 504 is divided by 493?
11
Calculate the remainder when 2327 is divided by 402.
317
Calculate the remainder when 1999 is divided by 125.
124
What is the remainder when 106 is divided b